{"id":10,"date":"2020-07-24T18:23:36","date_gmt":"2020-07-24T15:23:36","guid":{"rendered":"http:\/\/www.lyhti.fi\/?page_id=10"},"modified":"2025-10-21T20:09:31","modified_gmt":"2025-10-21T17:09:31","slug":"lyhti","status":"publish","type":"page","link":"https:\/\/www.lyhti.fi\/","title":{"rendered":"Feldenkrais"},"content":{"rendered":"\n<p><\/p>\n\n\n\n<h1 class=\"wp-block-heading has-text-align-center has-black-color has-text-color\" id=\"block-d176e6f1-40fd-40b0-b3fc-5d9b191e8597\" style=\"font-size:30px;text-transform:capitalize\"><em><strong>Feldenkrais<\/strong><\/em><\/h1>\n\n\n\n<p class=\"has-medium-font-size\">Feldenkrais-menetelm\u00e4 on oppimismenetelm\u00e4, jossa kehon toimintaa tutkitaan pienten ja hienovaraisten liikkeiden avulla \u2013 samantapaisesti kuin pienet lapset opettelevat asioita. Liikkeen kautta opitaan havainnoimaan oman kehon toimintaa ja pystyt\u00e4\u00e4n muuttamaan totuttua liikkumistapaa. Muutoksen my\u00f6t\u00e4 kehon liikkuvuus ja koordinaatio paranevat ja j\u00e4nnitystilat ja stressi v\u00e4henev\u00e4t. Menetelm\u00e4 sopii kaikille, ik\u00e4\u00e4n ja kuntoon katsomatta.<\/p>\n\n\n\n<p class=\"has-black-color has-text-color has-medium-font-size\">Feldenkraismetoden \u00e4r ett s\u00e4tt att l\u00e4ra sig genom mjuka r\u00f6relser och riktad uppm\u00e4rksamhet. Du \u00f6kar du din sj\u00e4lvk\u00e4nnedom och f\u00e5r tillbaka kontakten med dig sj\u00e4lv, med de flytande, l\u00e4tta r\u00f6relser du hade som barn. Metoden \u00e4r utm\u00e4rkt f\u00f6r att utveckla dig sj\u00e4lv och f\u00e5 en f\u00f6rdjupad kunskap om hur din kropp fungerar. Feldenkraismetoden passar f\u00f6r alla oberoende av \u00e5lder eller kondition.<\/p>\n\n\n\n<hr class=\"wp-block-separator has-alpha-channel-opacity is-style-default\"\/>\n\n\n\n<p class=\"has-text-align-center\" style=\"font-size:25px\"><em>Ryhm\u00e4tunnit \/ Grupplektioner<\/em><\/p>\n\n\n\n<p class=\"has-medium-font-size\">Online ryhm\u00e4tunnit:<\/p>\n\n\n\n<p class=\"has-medium-font-size\">Aika: Keskiviikkoisin 17:10 \u2013 18:15<br><br>Hinta : 13 EUR kerta, maksutavat  ePassi ja tilisiirto.<br>Tiedustelut ja ilmoittautumiset info@lyhti.fi<\/p>\n\n\n\n<p><\/p>\n\n\n\n<figure class=\"wp-block-image size-large\"><img loading=\"lazy\" decoding=\"async\" width=\"1024\" height=\"499\" src=\"https:\/\/www.lyhti.fi\/wp-content\/uploads\/2022\/08\/iff-archive_modern-photos-051-highres-1024x499.jpg\" alt=\"\" class=\"wp-image-187\" srcset=\"https:\/\/www.lyhti.fi\/wp-content\/uploads\/2022\/08\/iff-archive_modern-photos-051-highres-1024x499.jpg 1024w, https:\/\/www.lyhti.fi\/wp-content\/uploads\/2022\/08\/iff-archive_modern-photos-051-highres-300x146.jpg 300w, https:\/\/www.lyhti.fi\/wp-content\/uploads\/2022\/08\/iff-archive_modern-photos-051-highres-768x374.jpg 768w, https:\/\/www.lyhti.fi\/wp-content\/uploads\/2022\/08\/iff-archive_modern-photos-051-highres-1536x748.jpg 1536w, https:\/\/www.lyhti.fi\/wp-content\/uploads\/2022\/08\/iff-archive_modern-photos-051-highres-2048x998.jpg 2048w, https:\/\/www.lyhti.fi\/wp-content\/uploads\/2022\/08\/iff-archive_modern-photos-051-highres-228x111.jpg 228w\" sizes=\"(max-width: 1024px) 100vw, 1024px\" \/><\/figure>\n\n\n\n<hr class=\"wp-block-separator has-alpha-channel-opacity is-style-default\"\/>\n\n\n\n<p class=\"has-text-align-center\" style=\"font-size:25px\"><em>Yksil\u00f6tunnit \/ Individuella lektioner<\/em><\/p>\n\n\n\n<p class=\"has-medium-font-size\">Yksil\u00f6tunnit sopimuksen mukaan. <br>Ajanvaraus : info@lyhti.fi<br>Hinta 65 EUR \/krt, maksutavat ePassi tai tilisiirto.<\/p>\n\n\n\n<p class=\"has-medium-font-size\">Individuella lektioner enligt \u00f6verenskommelse.<br>Reservera tid: info@lyhti.fi<br>Pris 65 EUR \/ lektion, betalnings\u00e4tt ePassi eller bankgiro.<\/p>\n\n\n\n<figure class=\"wp-block-image size-large\"><img loading=\"lazy\" decoding=\"async\" width=\"1024\" height=\"659\" src=\"https:\/\/www.lyhti.fi\/wp-content\/uploads\/2022\/08\/iff-archive_modern-photos-064-highres-1024x659.jpg\" alt=\"\" class=\"wp-image-234\" srcset=\"https:\/\/www.lyhti.fi\/wp-content\/uploads\/2022\/08\/iff-archive_modern-photos-064-highres-1024x659.jpg 1024w, https:\/\/www.lyhti.fi\/wp-content\/uploads\/2022\/08\/iff-archive_modern-photos-064-highres-300x193.jpg 300w, https:\/\/www.lyhti.fi\/wp-content\/uploads\/2022\/08\/iff-archive_modern-photos-064-highres-768x494.jpg 768w, https:\/\/www.lyhti.fi\/wp-content\/uploads\/2022\/08\/iff-archive_modern-photos-064-highres-1536x989.jpg 1536w, https:\/\/www.lyhti.fi\/wp-content\/uploads\/2022\/08\/iff-archive_modern-photos-064-highres-2048x1319.jpg 2048w, https:\/\/www.lyhti.fi\/wp-content\/uploads\/2022\/08\/iff-archive_modern-photos-064-highres-850x547.jpg 850w, https:\/\/www.lyhti.fi\/wp-content\/uploads\/2022\/08\/iff-archive_modern-photos-064-highres-180x116.jpg 180w\" sizes=\"(max-width: 1024px) 100vw, 1024px\" \/><\/figure>\n\n\n\n<hr class=\"wp-block-separator aligncenter has-alpha-channel-opacity is-style-default\"\/>\n\n\n\n<p class=\"has-text-align-center\" style=\"font-size:21px\"><em>Kokemuksia<\/em><\/p>\n\n\n\n<p style=\"font-size:16px\">Milla Suvikannel k\u00e4vi kokeilemassa Feldenkrais yksil\u00f6ohjausta.<br>Lue Millan kokemuksesta<\/p>\n\n\n\n<p style=\"font-size:16px\"><a href=\"https:\/\/www.millasuvikannel.com\/post\/mik%C3%A4-on-helpoin-tapa-oppia-jatkuvasti\" target=\"_blank\" rel=\"noreferrer noopener\">Mik\u00e4 on helpoin tapa oppia jatkuvasti ?<\/a><\/p>\n\n\n\n<p style=\"font-size:16px\"><a href=\"https:\/\/www.millasuvikannel.com\/post\/pyyd%C3%A4p%C3%A4-suorittajaa-olemaan-suorittamatta\" target=\"_blank\" rel=\"noreferrer noopener\">Pyyd\u00e4p\u00e4 suorittajaa olemaan suorittamatta<\/a><\/p>\n\n\n\n<p style=\"font-size:16px\"><a rel=\"noreferrer noopener\" href=\"https:\/\/www.millasuvikannel.com\/post\/vahva-vaikuttava-ja-vakuuttava\" target=\"_blank\">Vahva, vaikuttava ja vakuuttava<\/a><\/p>\n\n\n\n<p>Carola Roselt provade p\u00e5 Feldenkrais indivudella lektioner.<\/p>\n\n\n\n<p><a href=\"https:\/\/www.lyhti.fi\/?page_id=251\">L\u00e4s om Carolas upplevelse<\/a><\/p>\n\n\n\n<p><\/p>\n","protected":false},"excerpt":{"rendered":"<p>Feldenkrais Feldenkrais-menetelm\u00e4 on oppimismenetelm\u00e4, jossa kehon toimintaa tutkitaan pienten ja hienovaraisten liikkeiden avulla \u2013 samantapaisesti kuin pienet lapset opettelevat asioita. Liikkeen kautta opitaan havainnoimaan oman kehon toimintaa ja pystyt\u00e4\u00e4n muuttamaan totuttua liikkumistapaa. Muutoksen my\u00f6t\u00e4 kehon liikkuvuus ja koordinaatio paranevat ja j\u00e4nnitystilat ja stressi v\u00e4henev\u00e4t. Menetelm\u00e4 sopii kaikille, ik\u00e4\u00e4n ja kuntoon katsomatta. Feldenkraismetoden \u00e4r ett s\u00e4tt <a class=\"read-more\" href=\"https:\/\/www.lyhti.fi\/\">READ MORE<\/a><\/p>\n","protected":false},"author":1,"featured_media":0,"parent":0,"menu_order":0,"comment_status":"closed","ping_status":"closed","template":"","meta":{"footnotes":""},"class_list":["post-10","page","type-page","status-publish","hentry"],"_links":{"self":[{"href":"https:\/\/www.lyhti.fi\/index.php?rest_route=\/wp\/v2\/pages\/10"}],"collection":[{"href":"https:\/\/www.lyhti.fi\/index.php?rest_route=\/wp\/v2\/pages"}],"about":[{"href":"https:\/\/www.lyhti.fi\/index.php?rest_route=\/wp\/v2\/types\/page"}],"author":[{"embeddable":true,"href":"https:\/\/www.lyhti.fi\/index.php?rest_route=\/wp\/v2\/users\/1"}],"replies":[{"embeddable":true,"href":"https:\/\/www.lyhti.fi\/index.php?rest_route=%2Fwp%2Fv2%2Fcomments&post=10"}],"version-history":[{"count":56,"href":"https:\/\/www.lyhti.fi\/index.php?rest_route=\/wp\/v2\/pages\/10\/revisions"}],"predecessor-version":[{"id":274,"href":"https:\/\/www.lyhti.fi\/index.php?rest_route=\/wp\/v2\/pages\/10\/revisions\/274"}],"wp:attachment":[{"href":"https:\/\/www.lyhti.fi\/index.php?rest_route=%2Fwp%2Fv2%2Fmedia&parent=10"}],"curies":[{"name":"wp","href":"https:\/\/api.w.org\/{rel}","templated":true}]}}